{"id":126,"date":"2018-07-29T15:10:02","date_gmt":"2018-07-29T13:10:02","guid":{"rendered":"http:\/\/ff-wendling.at\/?page_id=126"},"modified":"2022-11-05T15:47:28","modified_gmt":"2022-11-05T14:47:28","slug":"home","status":"publish","type":"page","link":"https:\/\/ff-wendling.at\/index.php\/home\/","title":{"rendered":"Home"},"content":{"rendered":"<div class=\"accent-block round10\">\n<h2>Sehr geehrte\u00a0Besucher, Freunde und Kameraden!<\/h2>\n<p>Die Feuerwehr Wendling freut sich, dass Sie unsere Homepage besuchen.<\/p>\n<p>Es ist uns ein gro\u00dfes Anliegen Sie \u00fcber die T\u00e4tigkeiten und Eins\u00e4tze am laufenden zu halten.<\/p>\n<p>Wir versuchen diese Seite so aktuell wie m\u00f6glich\u00a0 zuhalten, jedoch k\u00f6nnen wir nicht nach jedem Einsatz sofort einen Beitrag online stellen. Daher bitten\u00a0wir Sie um Verst\u00e4ndis wenn es zu Verz\u00f6gerungen kommt.<\/p>\n<\/div>\n<p><img loading=\"lazy\" decoding=\"async\" class=\"alignnone size-medium wp-image-130\" src=\"https:\/\/ff-wendling.at\/wp-content\/uploads\/2018\/07\/Logo-FF-Wendling-300x94.png\" alt=\"\" width=\"300\" height=\"94\" srcset=\"https:\/\/ff-wendling.at\/wp-content\/uploads\/2018\/07\/Logo-FF-Wendling-300x94.png 300w, https:\/\/ff-wendling.at\/wp-content\/uploads\/2018\/07\/Logo-FF-Wendling-768x241.png 768w, https:\/\/ff-wendling.at\/wp-content\/uploads\/2018\/07\/Logo-FF-Wendling-1024x322.png 1024w, https:\/\/ff-wendling.at\/wp-content\/uploads\/2018\/07\/Logo-FF-Wendling-2000x629.png 2000w\" sizes=\"auto, (max-width: 300px) 100vw, 300px\" \/><\/p>\n","protected":false},"excerpt":{"rendered":"<p>Sehr geehrte\u00a0Besucher, Freunde und Kameraden! Die Feuerwehr Wendling freut sich, dass Sie unsere Homepage besuchen. Es ist uns ein gro\u00dfes Anliegen Sie \u00fcber die T\u00e4tigkeiten und Eins\u00e4tze am laufenden zu halten. Wir versuchen diese Seite so aktuell wie m\u00f6glich\u00a0 zuhalten, jedoch k\u00f6nnen wir nicht nach jedem Einsatz sofort einen Beitrag online stellen. Daher bitten\u00a0wir Sie &hellip; <\/p>\n<p class=\"link-more\"><a href=\"https:\/\/ff-wendling.at\/index.php\/home\/\" class=\"more-link\">Mehr <span class=\"screen-reader-text\">\u00fcber &#8222;Home&#8220; <\/span>Lesen<\/a><\/p>\n","protected":false},"author":1,"featured_media":0,"parent":0,"menu_order":0,"comment_status":"closed","ping_status":"closed","template":"","meta":{"inspiro_hide_title":false,"footnotes":""},"class_list":["post-126","page","type-page","status-publish","hentry"],"_links":{"self":[{"href":"https:\/\/ff-wendling.at\/index.php\/wp-json\/wp\/v2\/pages\/126","targetHints":{"allow":["GET"]}}],"collection":[{"href":"https:\/\/ff-wendling.at\/index.php\/wp-json\/wp\/v2\/pages"}],"about":[{"href":"https:\/\/ff-wendling.at\/index.php\/wp-json\/wp\/v2\/types\/page"}],"author":[{"embeddable":true,"href":"https:\/\/ff-wendling.at\/index.php\/wp-json\/wp\/v2\/users\/1"}],"replies":[{"embeddable":true,"href":"https:\/\/ff-wendling.at\/index.php\/wp-json\/wp\/v2\/comments?post=126"}],"version-history":[{"count":2,"href":"https:\/\/ff-wendling.at\/index.php\/wp-json\/wp\/v2\/pages\/126\/revisions"}],"predecessor-version":[{"id":724,"href":"https:\/\/ff-wendling.at\/index.php\/wp-json\/wp\/v2\/pages\/126\/revisions\/724"}],"wp:attachment":[{"href":"https:\/\/ff-wendling.at\/index.php\/wp-json\/wp\/v2\/media?parent=126"}],"curies":[{"name":"wp","href":"https:\/\/api.w.org\/{rel}","templated":true}]}}