{"id":176,"date":"2018-07-29T16:11:17","date_gmt":"2018-07-29T14:11:17","guid":{"rendered":"http:\/\/ff-wendling.at\/?page_id=176"},"modified":"2025-12-05T19:12:32","modified_gmt":"2025-12-05T18:12:32","slug":"kalender","status":"publish","type":"page","link":"https:\/\/ff-wendling.at\/index.php\/kalender\/","title":{"rendered":"Jugendgruppe Wendling"},"content":{"rendered":"\r\n<p>Die Jugendgruppe ist ein sehr wichtiger Bestandteil der Feuerwehr. Neben der Feuerwehrausbildung genie\u00dfen die Jugendlichen Erste-Hilfe-Kurse, sportliche Herausforderungen, teambildende Ausfl\u00fcge sowie diverse Wettk\u00e4mpfe, die genau dem Alter angepasst sind. So erfahren die jungen Florianis neben Ehrgeiz und Motivation auch Teamgeist sowie Freundschaft kennen. Eine sinnvolle Freizeitbesch\u00e4ftigung, die Kinder und Jugendliche auf ein Leben voll gegenseitigem Respekt und Zivilcourage vorbereitet.<\/p>\r\n<p><img loading=\"lazy\" decoding=\"async\" class=\"alignnone size-full wp-image-2201\" src=\"https:\/\/ff-wendling.at\/wp-content\/uploads\/2025\/09\/20250905_133627907_iOS-scaled.jpg\" alt=\"\" width=\"2560\" height=\"1705\" srcset=\"https:\/\/ff-wendling.at\/wp-content\/uploads\/2025\/09\/20250905_133627907_iOS-scaled.jpg 2560w, https:\/\/ff-wendling.at\/wp-content\/uploads\/2025\/09\/20250905_133627907_iOS-300x200.jpg 300w, https:\/\/ff-wendling.at\/wp-content\/uploads\/2025\/09\/20250905_133627907_iOS-1024x682.jpg 1024w, https:\/\/ff-wendling.at\/wp-content\/uploads\/2025\/09\/20250905_133627907_iOS-2000x1332.jpg 2000w\" sizes=\"auto, (max-width: 2560px) 100vw, 2560px\" \/><\/p>\r\n\r\n\r\n","protected":false},"excerpt":{"rendered":"<p>Die Jugendgruppe ist ein sehr wichtiger Bestandteil der Feuerwehr. Neben der Feuerwehrausbildung genie\u00dfen die Jugendlichen Erste-Hilfe-Kurse, sportliche Herausforderungen, teambildende Ausfl\u00fcge sowie diverse Wettk\u00e4mpfe, die genau dem Alter angepasst sind. So erfahren die jungen Florianis neben Ehrgeiz und Motivation auch Teamgeist sowie Freundschaft kennen. Eine sinnvolle Freizeitbesch\u00e4ftigung, die Kinder und Jugendliche auf ein Leben voll gegenseitigem &hellip; <\/p>\n<p class=\"link-more\"><a href=\"https:\/\/ff-wendling.at\/index.php\/kalender\/\" class=\"more-link\">Mehr <span class=\"screen-reader-text\">\u00fcber &#8222;Jugendgruppe Wendling&#8220; <\/span>Lesen<\/a><\/p>\n","protected":false},"author":1,"featured_media":0,"parent":0,"menu_order":0,"comment_status":"closed","ping_status":"closed","template":"","meta":{"inspiro_hide_title":false,"footnotes":""},"class_list":["post-176","page","type-page","status-publish","hentry"],"_links":{"self":[{"href":"https:\/\/ff-wendling.at\/index.php\/wp-json\/wp\/v2\/pages\/176","targetHints":{"allow":["GET"]}}],"collection":[{"href":"https:\/\/ff-wendling.at\/index.php\/wp-json\/wp\/v2\/pages"}],"about":[{"href":"https:\/\/ff-wendling.at\/index.php\/wp-json\/wp\/v2\/types\/page"}],"author":[{"embeddable":true,"href":"https:\/\/ff-wendling.at\/index.php\/wp-json\/wp\/v2\/users\/1"}],"replies":[{"embeddable":true,"href":"https:\/\/ff-wendling.at\/index.php\/wp-json\/wp\/v2\/comments?post=176"}],"version-history":[{"count":6,"href":"https:\/\/ff-wendling.at\/index.php\/wp-json\/wp\/v2\/pages\/176\/revisions"}],"predecessor-version":[{"id":1904,"href":"https:\/\/ff-wendling.at\/index.php\/wp-json\/wp\/v2\/pages\/176\/revisions\/1904"}],"wp:attachment":[{"href":"https:\/\/ff-wendling.at\/index.php\/wp-json\/wp\/v2\/media?parent=176"}],"curies":[{"name":"wp","href":"https:\/\/api.w.org\/{rel}","templated":true}]}}