{"id":5,"date":"2018-07-24T20:23:23","date_gmt":"2018-07-24T20:23:23","guid":{"rendered":"http:\/\/ff-wendling.at\/?page_id=5"},"modified":"2025-12-05T18:11:45","modified_gmt":"2025-12-05T17:11:45","slug":"ausbildung","status":"publish","type":"page","link":"https:\/\/ff-wendling.at\/index.php\/ausbildung\/","title":{"rendered":"Ausbildung"},"content":{"rendered":"<div id=\"widget-bc7dc208-c58c-6b97-686e-a0b64bff9a9d\" class=\"widget widget-text \">\n<div class=\"widget-content\">\n<p>Die <strong>Grundausbildung<\/strong> eines aktiven Feuerwehrmitgliedes erfolgt in der Feuerwehr. Der Umfang betr\u00e4gt 86 Unterrichtseinheiten. Schwerpunkt ist die Vermittlung praktischer Fertigkeiten. Die Grundausbildung in der Feuerwehr\u00a0 beinhaltet auch einen 16 st\u00fcndigen Erste &#8211; Hilfe &#8211; Kurs. In der Feuerwehrjugendarbeit vermittelte\u00a0 Kompetenzen werden angerechnet. Das in der Grundausbildung in der Feuerwehr vermittelte Wissen wird im Grundlehrgang erweitert und gefestigt Der Grundlehrgang wird unter Verwendung einheitlicher Ausbildungsunterlagen in den Bezirken als Au\u00dfenlehrgang der Landes- <a class=\"internal-link\" href=\"https:\/\/www.ooelfv.at\/das-kommando\/ooe-landes-feuerwehrschule\/ooe-landes-feuerwehrschule\" target=\"_blank\" rel=\"noopener\">Feuerwehrschule<\/a> durchgef\u00fchrt. Die Mindestdauer betr\u00e4gt 18 Unterrichtseinheiten. Innerhalb der Gruppe soll nun das Feuerwehrmitglied \u201ein der eingeteilten Funktion\u201c\u00a0 im Rahmen des Befehls selbst\u00e4ndig handeln k\u00f6nnen.<\/p>\n<p>Zur Vervollst\u00e4ndigung bzw. <strong>Erweiterung der Grundausbildung<\/strong> werden in weiterer Folge f\u00fcr den universellen Einsatz des Feuerwehrmitgliedes in der L\u00f6schgruppe, entsprechend Bedarf und Eignung zumindest der Atemschutz- und Funklehrgang und gegebenenfalls die Wasserdienstgrundausbildung absolviert.<\/p>\n<p>Bei der Dauer\u00a0 der Grundausbildung ist von einem halben bis zu einem ganzen Jahr auszugehen. Solange dauert es zeitlich gesehen auch mindestens, bis die Grundausbildung abgeschlossen ist und ein Aktives Feuerwehrmitglied in den Einsatz gehen kann.<\/p>\n<\/div>\n<\/div>\n<p><img loading=\"lazy\" decoding=\"async\" class=\"alignnone size-medium wp-image-150\" src=\"https:\/\/ff-wendling.at\/wp-content\/uploads\/2018\/07\/3-225x300.jpg\" alt=\"\" width=\"225\" height=\"300\" srcset=\"https:\/\/ff-wendling.at\/wp-content\/uploads\/2018\/07\/3-225x300.jpg 225w, https:\/\/ff-wendling.at\/wp-content\/uploads\/2018\/07\/3-768x1024.jpg 768w, https:\/\/ff-wendling.at\/wp-content\/uploads\/2018\/07\/3.jpg 1200w\" sizes=\"auto, (max-width: 225px) 100vw, 225px\" \/> <img loading=\"lazy\" decoding=\"async\" class=\"alignnone size-medium wp-image-149\" src=\"https:\/\/ff-wendling.at\/wp-content\/uploads\/2018\/07\/2-169x300.jpg\" alt=\"\" width=\"169\" height=\"300\" srcset=\"https:\/\/ff-wendling.at\/wp-content\/uploads\/2018\/07\/2-169x300.jpg 169w, https:\/\/ff-wendling.at\/wp-content\/uploads\/2018\/07\/2-768x1365.jpg 768w, https:\/\/ff-wendling.at\/wp-content\/uploads\/2018\/07\/2-576x1024.jpg 576w, https:\/\/ff-wendling.at\/wp-content\/uploads\/2018\/07\/2.jpg 900w\" sizes=\"auto, (max-width: 169px) 100vw, 169px\" \/> <img loading=\"lazy\" decoding=\"async\" class=\"alignnone size-medium wp-image-151\" src=\"https:\/\/ff-wendling.at\/wp-content\/uploads\/2018\/07\/4-300x225.jpg\" alt=\"\" width=\"300\" height=\"225\" srcset=\"https:\/\/ff-wendling.at\/wp-content\/uploads\/2018\/07\/4-300x225.jpg 300w, https:\/\/ff-wendling.at\/wp-content\/uploads\/2018\/07\/4-768x576.jpg 768w, https:\/\/ff-wendling.at\/wp-content\/uploads\/2018\/07\/4-1024x768.jpg 1024w, https:\/\/ff-wendling.at\/wp-content\/uploads\/2018\/07\/4.jpg 1600w\" sizes=\"auto, (max-width: 300px) 100vw, 300px\" \/> <img loading=\"lazy\" decoding=\"async\" class=\"alignnone size-medium wp-image-148\" src=\"https:\/\/ff-wendling.at\/wp-content\/uploads\/2018\/07\/1-1-300x169.jpg\" alt=\"\" width=\"300\" height=\"169\" srcset=\"https:\/\/ff-wendling.at\/wp-content\/uploads\/2018\/07\/1-1-300x169.jpg 300w, https:\/\/ff-wendling.at\/wp-content\/uploads\/2018\/07\/1-1-768x432.jpg 768w, https:\/\/ff-wendling.at\/wp-content\/uploads\/2018\/07\/1-1-1024x576.jpg 1024w, https:\/\/ff-wendling.at\/wp-content\/uploads\/2018\/07\/1-1.jpg 1600w\" sizes=\"auto, (max-width: 300px) 100vw, 300px\" \/><\/p>\n<p>&nbsp;<\/p>\n<p>&nbsp;<\/p>\n<p>Weiters wird bei der Feuerwehr Wendling der Ger\u00e4tetr\u00e4ger f\u00fcr Atemschutz ausgebildet. Grundlage daf\u00fcr ist eine k\u00f6rperliche Untersuchung durch einen Facharzt sowie dem positiv bestandenen Finnentest (Atemschutzleistungstest\/ASLT). Nach einer theoretischen und Praxisausbildung erfolgt die Abnahme \u00fcber das erlernte.<\/p>\n<p>&nbsp;<\/p>\n<p><img loading=\"lazy\" decoding=\"async\" class=\"alignnone size-medium wp-image-158\" src=\"https:\/\/ff-wendling.at\/wp-content\/uploads\/2018\/07\/as7-225x300.jpg\" alt=\"\" width=\"225\" height=\"300\" srcset=\"https:\/\/ff-wendling.at\/wp-content\/uploads\/2018\/07\/as7-225x300.jpg 225w, https:\/\/ff-wendling.at\/wp-content\/uploads\/2018\/07\/as7-768x1024.jpg 768w, https:\/\/ff-wendling.at\/wp-content\/uploads\/2018\/07\/as7.jpg 1200w\" sizes=\"auto, (max-width: 225px) 100vw, 225px\" \/> <img loading=\"lazy\" decoding=\"async\" class=\"alignnone size-medium wp-image-157\" src=\"https:\/\/ff-wendling.at\/wp-content\/uploads\/2018\/07\/as6-300x225.jpg\" alt=\"\" width=\"300\" height=\"225\" srcset=\"https:\/\/ff-wendling.at\/wp-content\/uploads\/2018\/07\/as6-300x225.jpg 300w, https:\/\/ff-wendling.at\/wp-content\/uploads\/2018\/07\/as6-768x576.jpg 768w, https:\/\/ff-wendling.at\/wp-content\/uploads\/2018\/07\/as6-1024x768.jpg 1024w, https:\/\/ff-wendling.at\/wp-content\/uploads\/2018\/07\/as6.jpg 1600w\" sizes=\"auto, (max-width: 300px) 100vw, 300px\" \/> <img loading=\"lazy\" decoding=\"async\" class=\"alignnone size-medium wp-image-156\" src=\"https:\/\/ff-wendling.at\/wp-content\/uploads\/2018\/07\/as5-225x300.jpg\" alt=\"\" width=\"225\" height=\"300\" srcset=\"https:\/\/ff-wendling.at\/wp-content\/uploads\/2018\/07\/as5-225x300.jpg 225w, https:\/\/ff-wendling.at\/wp-content\/uploads\/2018\/07\/as5-768x1024.jpg 768w, https:\/\/ff-wendling.at\/wp-content\/uploads\/2018\/07\/as5.jpg 1200w\" sizes=\"auto, (max-width: 225px) 100vw, 225px\" \/> <img loading=\"lazy\" decoding=\"async\" class=\"alignnone size-medium wp-image-155\" src=\"https:\/\/ff-wendling.at\/wp-content\/uploads\/2018\/07\/as4-225x300.jpg\" alt=\"\" width=\"225\" height=\"300\" srcset=\"https:\/\/ff-wendling.at\/wp-content\/uploads\/2018\/07\/as4-225x300.jpg 225w, https:\/\/ff-wendling.at\/wp-content\/uploads\/2018\/07\/as4-768x1024.jpg 768w, https:\/\/ff-wendling.at\/wp-content\/uploads\/2018\/07\/as4.jpg 1200w\" sizes=\"auto, (max-width: 225px) 100vw, 225px\" \/> <img loading=\"lazy\" decoding=\"async\" class=\"alignnone size-medium wp-image-154\" src=\"https:\/\/ff-wendling.at\/wp-content\/uploads\/2018\/07\/as3-300x225.jpg\" alt=\"\" width=\"300\" height=\"225\" srcset=\"https:\/\/ff-wendling.at\/wp-content\/uploads\/2018\/07\/as3-300x225.jpg 300w, https:\/\/ff-wendling.at\/wp-content\/uploads\/2018\/07\/as3-768x576.jpg 768w, https:\/\/ff-wendling.at\/wp-content\/uploads\/2018\/07\/as3-1024x768.jpg 1024w, https:\/\/ff-wendling.at\/wp-content\/uploads\/2018\/07\/as3.jpg 1600w\" sizes=\"auto, (max-width: 300px) 100vw, 300px\" \/> <img loading=\"lazy\" decoding=\"async\" class=\"alignnone size-medium wp-image-153\" src=\"https:\/\/ff-wendling.at\/wp-content\/uploads\/2018\/07\/as2-225x300.jpg\" alt=\"\" width=\"225\" height=\"300\" srcset=\"https:\/\/ff-wendling.at\/wp-content\/uploads\/2018\/07\/as2-225x300.jpg 225w, https:\/\/ff-wendling.at\/wp-content\/uploads\/2018\/07\/as2-768x1024.jpg 768w, https:\/\/ff-wendling.at\/wp-content\/uploads\/2018\/07\/as2.jpg 1200w\" sizes=\"auto, (max-width: 225px) 100vw, 225px\" \/> <img loading=\"lazy\" decoding=\"async\" class=\"alignnone size-medium wp-image-152\" src=\"https:\/\/ff-wendling.at\/wp-content\/uploads\/2018\/07\/as-225x300.jpg\" alt=\"\" width=\"225\" height=\"300\" srcset=\"https:\/\/ff-wendling.at\/wp-content\/uploads\/2018\/07\/as-225x300.jpg 225w, https:\/\/ff-wendling.at\/wp-content\/uploads\/2018\/07\/as-768x1024.jpg 768w, https:\/\/ff-wendling.at\/wp-content\/uploads\/2018\/07\/as.jpg 1200w\" sizes=\"auto, (max-width: 225px) 100vw, 225px\" \/><\/p>\n","protected":false},"excerpt":{"rendered":"<p>Die Grundausbildung eines aktiven Feuerwehrmitgliedes erfolgt in der Feuerwehr. Der Umfang betr\u00e4gt 86 Unterrichtseinheiten. Schwerpunkt ist die Vermittlung praktischer Fertigkeiten. Die Grundausbildung in der Feuerwehr\u00a0 beinhaltet auch einen 16 st\u00fcndigen Erste &#8211; Hilfe &#8211; Kurs. In der Feuerwehrjugendarbeit vermittelte\u00a0 Kompetenzen werden angerechnet. Das in der Grundausbildung in der Feuerwehr vermittelte Wissen wird im Grundlehrgang erweitert &hellip; <\/p>\n<p class=\"link-more\"><a href=\"https:\/\/ff-wendling.at\/index.php\/ausbildung\/\" class=\"more-link\">Mehr <span class=\"screen-reader-text\">\u00fcber &#8222;Ausbildung&#8220; <\/span>Lesen<\/a><\/p>\n","protected":false},"author":1,"featured_media":0,"parent":0,"menu_order":0,"comment_status":"closed","ping_status":"closed","template":"","meta":{"inspiro_hide_title":false,"footnotes":""},"class_list":["post-5","page","type-page","status-publish","hentry"],"_links":{"self":[{"href":"https:\/\/ff-wendling.at\/index.php\/wp-json\/wp\/v2\/pages\/5","targetHints":{"allow":["GET"]}}],"collection":[{"href":"https:\/\/ff-wendling.at\/index.php\/wp-json\/wp\/v2\/pages"}],"about":[{"href":"https:\/\/ff-wendling.at\/index.php\/wp-json\/wp\/v2\/types\/page"}],"author":[{"embeddable":true,"href":"https:\/\/ff-wendling.at\/index.php\/wp-json\/wp\/v2\/users\/1"}],"replies":[{"embeddable":true,"href":"https:\/\/ff-wendling.at\/index.php\/wp-json\/wp\/v2\/comments?post=5"}],"version-history":[{"count":2,"href":"https:\/\/ff-wendling.at\/index.php\/wp-json\/wp\/v2\/pages\/5\/revisions"}],"predecessor-version":[{"id":2227,"href":"https:\/\/ff-wendling.at\/index.php\/wp-json\/wp\/v2\/pages\/5\/revisions\/2227"}],"wp:attachment":[{"href":"https:\/\/ff-wendling.at\/index.php\/wp-json\/wp\/v2\/media?parent=5"}],"curies":[{"name":"wp","href":"https:\/\/api.w.org\/{rel}","templated":true}]}}